{"id":1904,"date":"2021-09-18T15:25:28","date_gmt":"2021-09-18T15:25:28","guid":{"rendered":"http:\/\/askforthemoon.com.br\/?page_id=1904"},"modified":"2024-05-03T06:27:54","modified_gmt":"2024-05-03T06:27:54","slug":"acontecendo-aqui-maos","status":"publish","type":"page","link":"https:\/\/askforthemoon.com.br\/index.php\/acontecendo-aqui-maos\/","title":{"rendered":"Acontecendo Aqui M\u00e3os"},"content":{"rendered":"\t\t<div data-elementor-type=\"wp-page\" data-elementor-id=\"1904\" class=\"elementor elementor-1904\" data-elementor-post-type=\"page\">\n\t\t\t\t\t\t<section class=\"elementor-section elementor-top-section elementor-element elementor-element-1d2a2e1 elementor-section-height-full elementor-section-boxed elementor-section-height-default elementor-section-items-middle\" data-id=\"1d2a2e1\" data-element_type=\"section\" data-e-type=\"section\">\n\t\t\t\t\t\t<div class=\"elementor-container elementor-column-gap-default\">\n\t\t\t\t\t<div class=\"elementor-column elementor-col-100 elementor-top-column elementor-element elementor-element-5cf0f8d\" data-id=\"5cf0f8d\" data-element_type=\"column\" data-e-type=\"column\">\n\t\t\t<div class=\"elementor-widget-wrap elementor-element-populated\">\n\t\t\t\t\t\t<section class=\"elementor-section elementor-inner-section elementor-element elementor-element-52a7110 elementor-section-boxed elementor-section-height-default elementor-section-height-default\" data-id=\"52a7110\" data-element_type=\"section\" data-e-type=\"section\">\n\t\t\t\t\t\t<div class=\"elementor-container elementor-column-gap-default\">\n\t\t\t\t\t<div class=\"elementor-column elementor-col-50 elementor-inner-column elementor-element elementor-element-b092297\" data-id=\"b092297\" data-element_type=\"column\" data-e-type=\"column\">\n\t\t\t<div class=\"elementor-widget-wrap elementor-element-populated\">\n\t\t\t\t\t\t<div class=\"elementor-element elementor-element-a6cca2b elementor-widget elementor-widget-image-gallery\" data-id=\"a6cca2b\" data-element_type=\"widget\" data-e-type=\"widget\" data-widget_type=\"image-gallery.default\">\n\t\t\t\t<div class=\"elementor-widget-container\">\n\t\t\t\t\t\t\t<div class=\"elementor-image-gallery\">\n\t\t\t<div id='gallery-1' class='gallery galleryid-1904 gallery-columns-1 gallery-size-large'><figure class='gallery-item'>\n\t\t\t<div class='gallery-icon portrait'>\n\t\t\t\t<a data-elementor-open-lightbox=\"yes\" data-elementor-lightbox-slideshow=\"a6cca2b\" data-e-action-hash=\"#elementor-action%3Aaction%3Dlightbox%26settings%3DeyJpZCI6Mzg3LCJ1cmwiOiJodHRwczpcL1wvYXNrZm9ydGhlbW9vbi5jb20uYnJcL3dwLWNvbnRlbnRcL3VwbG9hZHNcLzIwMjFcLzA5XC93b3JrLWFjb250ZWNlbmRvLWFxdWktY2FydG9vbi5qcGciLCJzbGlkZXNob3ciOiJhNmNjYTJiIn0%3D\" href='https:\/\/askforthemoon.com.br\/wp-content\/uploads\/2021\/09\/work-acontecendo-aqui-cartoon.jpg'><img fetchpriority=\"high\" decoding=\"async\" width=\"896\" height=\"1024\" src=\"https:\/\/askforthemoon.com.br\/wp-content\/uploads\/2021\/09\/work-acontecendo-aqui-cartoon-896x1024.jpg\" class=\"attachment-large size-large\" alt=\"Campanha Acontecendo Aqui m\u00e3os Cartoon\" srcset=\"https:\/\/askforthemoon.com.br\/wp-content\/uploads\/2021\/09\/work-acontecendo-aqui-cartoon-896x1024.jpg 896w, https:\/\/askforthemoon.com.br\/wp-content\/uploads\/2021\/09\/work-acontecendo-aqui-cartoon-262x300.jpg 262w, https:\/\/askforthemoon.com.br\/wp-content\/uploads\/2021\/09\/work-acontecendo-aqui-cartoon-768x878.jpg 768w, https:\/\/askforthemoon.com.br\/wp-content\/uploads\/2021\/09\/work-acontecendo-aqui-cartoon-1344x1536.jpg 1344w, https:\/\/askforthemoon.com.br\/wp-content\/uploads\/2021\/09\/work-acontecendo-aqui-cartoon-1792x2048.jpg 1792w, https:\/\/askforthemoon.com.br\/wp-content\/uploads\/2021\/09\/work-acontecendo-aqui-cartoon.jpg 1945w\" sizes=\"(max-width: 896px) 100vw, 896px\" \/><\/a>\n\t\t\t<\/div><\/figure>\n\t\t<\/div>\n\t\t<\/div>\n\t\t\t\t\t\t<\/div>\n\t\t\t\t<\/div>\n\t\t\t\t\t<\/div>\n\t\t<\/div>\n\t\t\t\t<div class=\"elementor-column elementor-col-50 elementor-inner-column elementor-element elementor-element-69eb218\" data-id=\"69eb218\" data-element_type=\"column\" data-e-type=\"column\">\n\t\t\t<div class=\"elementor-widget-wrap elementor-element-populated\">\n\t\t\t\t\t\t<div class=\"elementor-element elementor-element-3974d09 elementor-widget elementor-widget-text-editor\" data-id=\"3974d09\" data-element_type=\"widget\" data-e-type=\"widget\" data-widget_type=\"text-editor.default\">\n\t\t\t\t<div class=\"elementor-widget-container\">\n\t\t\t\t\t\t\t\t\t<h2 style=\"font-style: italic;\"><span style=\"color: #a7a7db;\"><span style=\"font-weight: bold;\">AcontecendoAqui<\/span><\/span><\/h2><h3 style=\"font-size: 1.66667rem; font-style: italic;\"><span style=\"color: #7777ba;\"><span style=\"font-weight: bold;\">Problema<\/span><\/span><\/h3><p><span style=\"color: #000000;\">Surgiu a necessidade de se abordar um p\u00fablico novo, mais jovem, mas sem se desconectar do p\u00fablico atual do portal de not\u00edcias.<\/span><\/p><h3 style=\"font-size: 1.66667rem; font-style: italic;\"><span style=\"color: #7777ba;\"><span style=\"font-weight: bold;\">Solu\u00e7\u00e3o<\/span><\/span><\/h3><p><span style=\"color: #000000;\">Uma campanha ligada a personagens de HQ que atinge tanto o p\u00fablico atual e j\u00e1 consolidado, quanto o novo e mais jovem.<\/span><\/p>\t\t\t\t\t\t\t\t<\/div>\n\t\t\t\t<\/div>\n\t\t\t\t<div class=\"elementor-element elementor-element-1ee6029 elementor-widget elementor-widget-heading\" data-id=\"1ee6029\" data-element_type=\"widget\" data-e-type=\"widget\" data-widget_type=\"heading.default\">\n\t\t\t\t<div class=\"elementor-widget-container\">\n\t\t\t\t\t<h2 class=\"elementor-heading-title elementor-size-default\">Acesse:<\/h2>\t\t\t\t<\/div>\n\t\t\t\t<\/div>\n\t\t\t\t<div class=\"elementor-element elementor-element-6e10429 e-grid-align-left elementor-shape-rounded elementor-grid-0 elementor-widget elementor-widget-social-icons\" data-id=\"6e10429\" data-element_type=\"widget\" data-e-type=\"widget\" data-widget_type=\"social-icons.default\">\n\t\t\t\t<div class=\"elementor-widget-container\">\n\t\t\t\t\t\t\t<div class=\"elementor-social-icons-wrapper elementor-grid\">\n\t\t\t\t\t\t\t<span class=\"elementor-grid-item\">\n\t\t\t\t\t<a class=\"elementor-icon elementor-social-icon elementor-social-icon-icone Behance roxo elementor-repeater-item-4b9aa12\" href=\"https:\/\/www.behance.net\/gallery\/68699493\/Campanha-Maos\" target=\"_blank\">\n\t\t\t\t\t\t<span class=\"elementor-screen-only\">Icone Behance Roxo<\/span>\n\t\t\t\t\t\t<svg xmlns=\"http:\/\/www.w3.org\/2000\/svg\" xmlns:xlink=\"http:\/\/www.w3.org\/1999\/xlink\" id=\"Camada_1\" x=\"0px\" y=\"0px\" viewBox=\"0 0 200 200\" style=\"enable-background:new 0 0 200 200;\" xml:space=\"preserve\"><style type=\"text\/css\">\t.st0{fill:#651C83;}\t.st1{fill:#FFFFFF;}\t.st2{fill:#DA1223;}<\/style><g>\t<path class=\"st0\" d=\"M98.22,122.73c1.87-2.97,2.81-6.36,2.81-10.09c0-3.6-0.81-6.68-2.41-9.17c-1.58-2.45-3.98-4.27-7.12-5.41  l-3.24-1.18l3.07-1.57c2.09-1.07,3.68-2.25,4.73-3.5c1.86-2.24,2.81-5.29,2.81-9.07c0-3.7-0.96-6.9-2.85-9.52  c-3.15-4.28-8.69-6.51-16.46-6.63H48.15v65.13h29.2c3.34,0,6.48-0.3,9.32-0.89h0c2.72-0.56,5.11-1.62,7.09-3.14  C95.54,126.34,97.04,124.67,98.22,122.73z M58.74,75.41h16.32c3.46,0,6.25,0.37,8.53,1.14l0.09,0.04c2.09,0.87,4.59,2.9,4.59,7.67  c0,3.41-1.17,5.86-3.49,7.27c-2.07,1.26-4.76,1.91-7.99,1.91H58.74V75.41z M84.34,121.52c-1.87,0.91-4.34,1.36-7.56,1.36H58.74  v-21.16H77c3.18,0.03,5.61,0.45,7.44,1.29c3.41,1.56,5.21,4.56,5.21,8.66C89.65,116.46,87.87,119.77,84.34,121.52z\"><\/path>\t<path class=\"st0\" d=\"M140.08,119.97c-0.77,1.28-1.66,2.33-2.64,3.13c-2.13,1.75-4.92,2.65-8.26,2.65c-3.1,0-5.81-0.71-8.06-2.12  c-3.73-2.3-5.75-6.28-5.97-11.84l-0.06-1.56h36.77c0.01-3.54-0.13-6.31-0.43-8.27c-0.58-3.71-1.84-7-3.77-9.79  c-2.12-3.16-4.84-5.49-8.08-6.94c-3.3-1.48-7.08-2.23-11.24-2.23c-6.93,0-12.63,2.2-16.95,6.54c-4.32,4.34-6.5,10.74-6.5,19.01  c0,8.79,2.4,15.19,7.13,19c4.83,3.89,10.48,5.87,16.8,5.87c7.66,0,13.66-2.31,17.85-6.86c2.12-2.25,3.51-4.46,4.15-6.59H140.08z   M115.49,102.81c0.52-3.58,1.84-6.48,3.92-8.62l0,0c2.15-2.21,5.16-3.33,8.94-3.33c3.46,0,6.42,1.03,8.8,3.08  c2.41,2.07,3.76,5.1,4.03,9l0.11,1.6h-26.03L115.49,102.81z\"><\/path>\t<rect x=\"114.18\" y=\"73.5\" class=\"st0\" width=\"26.61\" height=\"3.88\"><\/rect><\/g><\/svg>\t\t\t\t\t<\/a>\n\t\t\t\t<\/span>\n\t\t\t\t\t<\/div>\n\t\t\t\t\t\t<\/div>\n\t\t\t\t<\/div>\n\t\t\t\t\t<\/div>\n\t\t<\/div>\n\t\t\t\t\t<\/div>\n\t\t<\/section>\n\t\t\t\t<div class=\"elementor-element elementor-element-cf00f37 elementor-shape-rounded elementor-grid-0 e-grid-align-center elementor-widget elementor-widget-social-icons\" data-id=\"cf00f37\" data-element_type=\"widget\" data-e-type=\"widget\" data-widget_type=\"social-icons.default\">\n\t\t\t\t<div class=\"elementor-widget-container\">\n\t\t\t\t\t\t\t<div class=\"elementor-social-icons-wrapper elementor-grid\" role=\"list\">\n\t\t\t\t\t\t\t<span class=\"elementor-grid-item\" role=\"listitem\">\n\t\t\t\t\t<a class=\"elementor-icon elementor-social-icon elementor-social-icon-icone home roxo elementor-animation-pulse elementor-repeater-item-233804a\" href=\"http:\/\/askforthemoon.com.br\/\">\n\t\t\t\t\t\t<span class=\"elementor-screen-only\">Icone Home Roxo<\/span>\n\t\t\t\t\t\t<svg xmlns=\"http:\/\/www.w3.org\/2000\/svg\" xmlns:xlink=\"http:\/\/www.w3.org\/1999\/xlink\" id=\"Camada_1\" x=\"0px\" y=\"0px\" viewBox=\"0 0 200 200\" style=\"enable-background:new 0 0 200 200;\" xml:space=\"preserve\"><style type=\"text\/css\">\t.st0{fill:#651C83;}\t.st1{fill:#FFFFFF;}\t.st2{fill:#DA1223;}<\/style><g>\t<path class=\"st0\" d=\"M146.44,104.25c-0.02-1.4-0.86-3.22-1.93-4.11c-13.96-11.7-28.06-23.23-42.04-34.89  c-1.85-1.54-3.07-1.54-4.92,0c-13.99,11.67-28.08,23.2-42.04,34.89c-1.07,0.9-1.92,2.71-1.93,4.11  c-0.15,12.01-0.12,24.02-0.07,36.03c0.02,4.18,1.72,5.84,5.96,5.91h82.56c3.32-0.07,4.52-2.72,4.51-5.91  C146.51,128.27,146.59,116.26,146.44,104.25z M141.89,141.69H59.51c-0.56-0.01-1.02-0.06-1.39-0.15c-0.05-0.21-0.12-0.6-0.12-1.29  c-0.06-13.37-0.08-24.6,0.06-35.92c0.01-0.16,0.24-0.67,0.33-0.76c7.72-6.47,15.53-12.92,23.14-19.22  c6.17-5.1,12.33-10.2,18.48-15.32c6.18,5.15,12.37,10.27,18.57,15.4l0.35,0.29c7.45,6.17,15.16,12.54,22.65,18.81  c0.12,0.11,0.35,0.62,0.36,0.76c0.1,7.89,0.09,15.91,0.09,23.67c0,4.11,0,8.21,0.01,12.32  C142.05,140.82,141.99,141.31,141.89,141.69z\"><\/path>\t<path class=\"st0\" d=\"M105.51,56.78c-4.64-3.93-6.49-3.96-11.02-0.17C80.87,68.02,67.24,79.41,53.6,90.81l-6.42,5.36l2.72,3.44  c7.32-6.17,14.69-12.31,21.87-18.29l7.68-6.41c3.83-3.2,7.68-6.38,11.54-9.58l8.96-7.42l16.62,13.88  c10.98,9.16,22.27,18.58,33.41,27.94l2.75-3.47C138.63,84.57,109.44,60.11,105.51,56.78z\"><\/path><\/g><\/svg>\t\t\t\t\t<\/a>\n\t\t\t\t<\/span>\n\t\t\t\t\t\t\t<span class=\"elementor-grid-item\" role=\"listitem\">\n\t\t\t\t\t<a class=\"elementor-icon elementor-social-icon elementor-social-icon-icone livro roxo elementor-animation-pulse elementor-repeater-item-5cf5fe9\" href=\"http:\/\/askforthemoon.com.br\/index.php\/about\/\">\n\t\t\t\t\t\t<span class=\"elementor-screen-only\">Icone Livro Roxo<\/span>\n\t\t\t\t\t\t<svg xmlns=\"http:\/\/www.w3.org\/2000\/svg\" xmlns:xlink=\"http:\/\/www.w3.org\/1999\/xlink\" id=\"Camada_1\" x=\"0px\" y=\"0px\" viewBox=\"0 0 200 200\" style=\"enable-background:new 0 0 200 200;\" xml:space=\"preserve\"><style type=\"text\/css\">\t.st0{fill:#651C83;}\t.st1{fill:#FFFFFF;}\t.st2{fill:#DA1223;}<\/style><g>\t<path class=\"st0\" d=\"M94.28,53.8c-7.05,0-14.06,0-21.07,0.02c-9,0.02-12.68,3.74-12.69,12.85c-0.03,17.04-0.03,47.94,0,66.8  c0.02,9.23,3.46,12.67,12.7,12.7c9.58,0.03,26.41,0.03,40.66,0.03l25.63-0.01l-0.05-80.71c-0.07-0.41-0.66-1.79-2.37-1.84  c-1.98,0.06-2.24,1.96-2.25,1.98l0.07,76.05l-1.59,0c-9.02,0-45.05,0.02-62.01-0.02c-1.73,0-3.1-0.48-3.97-1.37  c-0.79-0.81-1.17-1.95-1.14-3.39c0.11-4.85,3.79-5.4,5.37-5.41c6.42-0.04,12.84-0.04,19.26-0.04l34.4,0V53.81l-18.93,0  C102.27,53.8,98.26,53.8,94.28,53.8z M120.82,126.89H65.06V69.6c-0.01-6.79,4.26-10.89,11.72-11.27l44.04,0V126.89z\"><\/path><\/g><\/svg>\t\t\t\t\t<\/a>\n\t\t\t\t<\/span>\n\t\t\t\t\t\t\t<span class=\"elementor-grid-item\" role=\"listitem\">\n\t\t\t\t\t<a class=\"elementor-icon elementor-social-icon elementor-social-icon-icone cafe roxo elementor-animation-pulse elementor-repeater-item-79a2c8c\" href=\"http:\/\/askforthemoon.com.br\/index.php\/work\/\">\n\t\t\t\t\t\t<span class=\"elementor-screen-only\">Icone Cafe Roxo<\/span>\n\t\t\t\t\t\t<svg xmlns=\"http:\/\/www.w3.org\/2000\/svg\" xmlns:xlink=\"http:\/\/www.w3.org\/1999\/xlink\" id=\"Camada_1\" x=\"0px\" y=\"0px\" viewBox=\"0 0 200 200\" style=\"enable-background:new 0 0 200 200;\" xml:space=\"preserve\"><style type=\"text\/css\">\t.st0{fill:#651C83;}\t.st1{fill:#FFFFFF;}\t.st2{fill:#DA1223;}<\/style><g>\t<path class=\"st0\" d=\"M146.08,85.65c-9.81-0.01-19.62-0.01-29.43-0.01l-12.2,0l-35.93,0c-0.93,0-1.86,0-2.79,0  c-1.26,0-2.52,0-3.78,0.01c-0.61,0-1.46,0.13-2.01,0.7c-0.53,0.56-0.62,1.39-0.6,1.98c0.1,2.58,0.19,4.73,0.49,6.91  c1.18,8.69,4.29,16.48,9.25,23.17c4.34,5.86,9.71,10.28,15.94,13.13c1.31,0.6,2.81,1.24,4.1,1.26c5.6,0.12,11.32,0.09,16.85,0.07  l4.7-0.02c0.49,0,0.89-0.05,1.17-0.15c4.34-1.57,8.35-3.92,11.95-6.98c4.96-4.23,8.89-9.45,11.66-15.51  c0.66-1.43,1.7-2.09,3.28-2.04c2.85,0.07,5.61,0.07,8.2,0c3.24-0.09,6.29-1.66,8.36-4.32c2.08-2.67,2.87-6.04,2.15-9.23  C156.22,89.17,151.76,85.65,146.08,85.65z M135.7,92.11c-0.1,0.62-0.19,1.24-0.28,1.85c-0.19,1.32-0.39,2.7-0.68,4.04  c-1.89,8.81-5.83,16.29-11.74,22.25c-3.39,3.42-7.29,6.03-11.59,7.76c-0.7,0.28-1.4,0.34-1.85,0.34l-3.85,0.01  c-2.05,0.01-4.12,0.01-6.21,0.01c-3.12,0-6.26-0.02-9.37-0.07c-1.55-0.03-3.03-0.77-4.22-1.37c-7.47-3.76-13.09-9.63-17.21-17.95  c-2.6-5.27-4.12-10.82-4.65-16.98l-0.15-1.73H136L135.7,92.11z M147.3,103.52c-0.93,0.08-1.86,0.1-2.77,0.1  c-0.72,0-1.43-0.01-2.13-0.03c-0.68-0.01-1.35-0.03-2.02-0.03h-1.84l0.55-3.8c0.36-2.51,0.72-5.01,1.11-7.5  c0.16-1.02,1.27-1.99,2.33-2.03c1.83-0.06,3.23-0.05,4.53,0.05c3.4,0.25,6,3.05,6.06,6.5C153.18,100.35,150.68,103.24,147.3,103.52  z\"><\/path>\t<path class=\"st0\" d=\"M113.86,146.2l11.97,0c0.37,0,0.58,0.01,0.8-0.02c0.73-0.08,1.36-0.48,1.73-1.09c0.36-0.6,0.42-1.32,0.17-1.98  c-0.27-0.71-0.82-1.44-2.83-1.44l-3.97,0c-0.09,0-0.19,0-0.28,0l-46.74,0c-0.61,0-1.09,0-1.53,0.06c-0.59,0.08-1.13,0.42-1.48,0.94  c-0.35,0.52-0.47,1.16-0.33,1.74c0.22,0.88,0.73,1.79,2.8,1.79L113.86,146.2z\"><\/path>\t<path class=\"st0\" d=\"M101.69,73.81c0.59-0.17,1.05-0.48,1.23-0.82c0.1-0.18,0.11-0.36,0.05-0.56c-0.04-0.12-0.16-0.33-0.27-0.52  l-0.14-0.25c-2.74-4.9-2.9-9.66-0.45-14.14c2.26-4.15,2.15-8.42-0.32-13.05c-0.61-1.15-1.14-1.8-2.27-2.11h-1.17  c-0.07,0.03-0.15,0.06-0.22,0.09c-0.93,0.31-1.36,0.71-1.46,0.99c-0.09,0.25,0.07,0.59,0.23,0.83c2.79,4.37,3.02,8.74,0.67,13  c-2.16,3.93-2.32,8.11-0.47,12.81c0.37,0.94,0.9,1.94,1.58,3C99.17,73.83,100.49,74.16,101.69,73.81z\"><\/path>\t<path class=\"st0\" d=\"M85.22,73.24c0.02-0.07,0.07-0.3-0.19-0.64c-2.98-3.84-3.03-7.82-0.16-11.52c0.92-1.19,1.36-2.62,1.4-4.64  c-0.06-2.09-1-4.21-2.69-6.12c-0.43-0.49-1.19-0.76-1.99-0.76c-0.33,0-0.66,0.05-0.98,0.14c-0.7,0.21-1.39,0.69-1.25,1.27  c0.02,0.1,0.12,0.33,0.49,0.8c2.28,2.85,2.03,5.34,1.42,6.92c-0.34,0.9-0.83,1.7-1.31,2.47c-0.25,0.41-0.5,0.82-0.72,1.24  c-1.94,3.7-1.38,7.27,1.77,11.23c0.62,0.78,2.13,0.97,3.35,0.41C84.82,73.86,85.14,73.55,85.22,73.24z\"><\/path>\t<path class=\"st0\" d=\"M117.29,49.15c-0.18,0-0.36,0.01-0.56,0.04c-0.97,0.13-1.64,0.57-1.8,1.17c-0.02,0.08-0.08,0.29,0.5,0.98  c2.34,2.85,2.51,5.96,0.51,9l-0.33,0.49c-0.32,0.47-0.62,0.92-0.84,1.35c-1.78,3.58-1.25,7.03,1.68,10.85  c0.71,0.93,2.14,1.2,3.47,0.64c0.48-0.2,0.81-0.5,0.9-0.82c0.06-0.22-0.01-0.47-0.22-0.74c-2.93-3.82-2.99-7.75-0.16-11.37  c0.99-1.27,1.41-2.78,1.44-5.23c-0.02-1.34-1.03-3.85-2.65-5.57C118.72,49.41,118.08,49.15,117.29,49.15z\"><\/path><\/g><\/svg>\t\t\t\t\t<\/a>\n\t\t\t\t<\/span>\n\t\t\t\t\t\t\t<span class=\"elementor-grid-item\" role=\"listitem\">\n\t\t\t\t\t<a class=\"elementor-icon elementor-social-icon elementor-social-icon-icone vibra roxo elementor-animation-pulse elementor-repeater-item-21d081b\" href=\"http:\/\/askforthemoon.com.br\/index.php\/news\/\">\n\t\t\t\t\t\t<span class=\"elementor-screen-only\">Icone Vibra Roxo<\/span>\n\t\t\t\t\t\t<svg xmlns=\"http:\/\/www.w3.org\/2000\/svg\" xmlns:xlink=\"http:\/\/www.w3.org\/1999\/xlink\" id=\"Camada_1\" x=\"0px\" y=\"0px\" viewBox=\"0 0 200 200\" style=\"enable-background:new 0 0 200 200;\" xml:space=\"preserve\"><style type=\"text\/css\">\t.st0{fill:#651C83;}\t.st1{fill:#FFFFFF;}\t.st2{fill:#DA1223;}<\/style><g>\t<path class=\"st0\" d=\"M100,53.8c-25.47,0-46.2,20.72-46.2,46.2c0,25.47,20.72,46.2,46.2,46.2c25.47,0,46.2-20.72,46.2-46.2  C146.2,74.52,125.47,53.8,100,53.8z M100,141.46c-22.86,0-41.46-18.6-41.46-41.46S77.14,58.54,100,58.54  c22.86,0,41.46,18.6,41.46,41.46S122.86,141.46,100,141.46z\"><\/path>\t<path class=\"st0\" d=\"M100,67.21c-18.08,0-32.79,14.71-32.79,32.79c0,18.08,14.71,32.79,32.79,32.79  c18.08,0,32.79-14.71,32.79-32.79C132.79,81.92,118.08,67.21,100,67.21z M100,128.5c-15.71,0-28.5-12.78-28.5-28.5  S84.29,71.5,100,71.5c15.71,0,28.5,12.78,28.5,28.5S115.71,128.5,100,128.5z\"><\/path>\t<path class=\"st0\" d=\"M100,80.17c-10.93,0-19.83,8.9-19.83,19.83c0,10.93,8.9,19.83,19.83,19.83c10.94,0,19.83-8.9,19.83-19.83  C119.83,89.06,110.93,80.17,100,80.17z M100,115.33c-8.45,0-15.32-6.88-15.32-15.33S91.55,84.67,100,84.67  c8.45,0,15.33,6.88,15.33,15.33S108.45,115.33,100,115.33z\"><\/path><\/g><\/svg>\t\t\t\t\t<\/a>\n\t\t\t\t<\/span>\n\t\t\t\t\t<\/div>\n\t\t\t\t\t\t<\/div>\n\t\t\t\t<\/div>\n\t\t\t\t\t<\/div>\n\t\t<\/div>\n\t\t\t\t\t<\/div>\n\t\t<\/section>\n\t\t\t\t<\/div>\n\t\t","protected":false},"excerpt":{"rendered":"<p>AcontecendoAqui Problema Surgiu a necessidade de se abordar um p\u00fablico novo, mais jovem, mas sem se desconectar do p\u00fablico atual do portal de not\u00edcias. Solu\u00e7\u00e3o Uma campanha ligada a personagens de HQ que atinge tanto o p\u00fablico atual e j\u00e1 consolidado, quanto o novo e mais jovem. Acesse: Icone Behance Roxo Icone Home Roxo Icone [&hellip;]<\/p>\n","protected":false},"author":1,"featured_media":0,"parent":0,"menu_order":0,"comment_status":"closed","ping_status":"closed","template":"","meta":{"om_disable_all_campaigns":false,"_monsterinsights_skip_tracking":false,"_monsterinsights_sitenote_active":false,"_monsterinsights_sitenote_note":"","_monsterinsights_sitenote_category":0,"site-sidebar-layout":"no-sidebar","site-content-layout":"page-builder","ast-site-content-layout":"default","site-content-style":"default","site-sidebar-style":"default","ast-global-header-display":"","ast-banner-title-visibility":"","ast-main-header-display":"","ast-hfb-above-header-display":"","ast-hfb-below-header-display":"","ast-hfb-mobile-header-display":"disabled","site-post-title":"disabled","ast-breadcrumbs-content":"","ast-featured-img":"disabled","footer-sml-layout":"disabled","ast-disable-related-posts":"","theme-transparent-header-meta":"default","adv-header-id-meta":"","stick-header-meta":"","header-above-stick-meta":"","header-main-stick-meta":"","header-below-stick-meta":"","astra-migrate-meta-layouts":"default","ast-page-background-enabled":"default","ast-page-background-meta":{"desktop":{"background-color":"var(--ast-global-color-4)","background-image":"","background-repeat":"repeat","background-position":"center center","background-size":"auto","background-attachment":"scroll","background-type":"","background-media":"","overlay-type":"","overlay-color":"","overlay-opacity":"","overlay-gradient":""},"tablet":{"background-color":"","background-image":"","background-repeat":"repeat","background-position":"center center","background-size":"auto","background-attachment":"scroll","background-type":"","background-media":"","overlay-type":"","overlay-color":"","overlay-opacity":"","overlay-gradient":""},"mobile":{"background-color":"","background-image":"","background-repeat":"repeat","background-position":"center center","background-size":"auto","background-attachment":"scroll","background-type":"","background-media":"","overlay-type":"","overlay-color":"","overlay-opacity":"","overlay-gradient":""}},"ast-content-background-meta":{"desktop":{"background-color":"var(--ast-global-color-5)","background-image":"","background-repeat":"repeat","background-position":"center center","background-size":"auto","background-attachment":"scroll","background-type":"","background-media":"","overlay-type":"","overlay-color":"","overlay-opacity":"","overlay-gradient":""},"tablet":{"background-color":"var(--ast-global-color-5)","background-image":"","background-repeat":"repeat","background-position":"center center","background-size":"auto","background-attachment":"scroll","background-type":"","background-media":"","overlay-type":"","overlay-color":"","overlay-opacity":"","overlay-gradient":""},"mobile":{"background-color":"var(--ast-global-color-5)","background-image":"","background-repeat":"repeat","background-position":"center center","background-size":"auto","background-attachment":"scroll","background-type":"","background-media":"","overlay-type":"","overlay-color":"","overlay-opacity":"","overlay-gradient":""}},"footnotes":""},"class_list":["post-1904","page","type-page","status-publish","hentry"],"aioseo_notices":[],"_links":{"self":[{"href":"https:\/\/askforthemoon.com.br\/index.php\/wp-json\/wp\/v2\/pages\/1904","targetHints":{"allow":["GET"]}}],"collection":[{"href":"https:\/\/askforthemoon.com.br\/index.php\/wp-json\/wp\/v2\/pages"}],"about":[{"href":"https:\/\/askforthemoon.com.br\/index.php\/wp-json\/wp\/v2\/types\/page"}],"author":[{"embeddable":true,"href":"https:\/\/askforthemoon.com.br\/index.php\/wp-json\/wp\/v2\/users\/1"}],"replies":[{"embeddable":true,"href":"https:\/\/askforthemoon.com.br\/index.php\/wp-json\/wp\/v2\/comments?post=1904"}],"version-history":[{"count":45,"href":"https:\/\/askforthemoon.com.br\/index.php\/wp-json\/wp\/v2\/pages\/1904\/revisions"}],"predecessor-version":[{"id":2849,"href":"https:\/\/askforthemoon.com.br\/index.php\/wp-json\/wp\/v2\/pages\/1904\/revisions\/2849"}],"wp:attachment":[{"href":"https:\/\/askforthemoon.com.br\/index.php\/wp-json\/wp\/v2\/media?parent=1904"}],"curies":[{"name":"wp","href":"https:\/\/api.w.org\/{rel}","templated":true}]}}