{"id":1428,"date":"2021-09-17T20:32:33","date_gmt":"2021-09-17T20:32:33","guid":{"rendered":"http:\/\/askforthemoon.com.br\/?page_id=1428"},"modified":"2024-05-03T22:37:43","modified_gmt":"2024-05-03T22:37:43","slug":"about","status":"publish","type":"page","link":"https:\/\/askforthemoon.com.br\/index.php\/about\/","title":{"rendered":"about"},"content":{"rendered":"\t\t<div data-elementor-type=\"wp-page\" data-elementor-id=\"1428\" class=\"elementor elementor-1428\" data-elementor-post-type=\"page\">\n\t\t\t\t\t\t<section class=\"elementor-section elementor-top-section elementor-element elementor-element-b8be927 elementor-section-height-full elementor-section-content-middle elementor-section-boxed elementor-section-height-default elementor-section-items-middle\" data-id=\"b8be927\" data-element_type=\"section\" data-e-type=\"section\">\n\t\t\t\t\t\t<div class=\"elementor-container elementor-column-gap-default\">\n\t\t\t\t\t<div class=\"elementor-column elementor-col-100 elementor-top-column elementor-element elementor-element-910c64d\" data-id=\"910c64d\" data-element_type=\"column\" data-e-type=\"column\">\n\t\t\t<div class=\"elementor-widget-wrap elementor-element-populated\">\n\t\t\t\t\t\t<div class=\"elementor-element elementor-element-767a10e elementor-widget elementor-widget-image\" data-id=\"767a10e\" data-element_type=\"widget\" data-e-type=\"widget\" data-widget_type=\"image.default\">\n\t\t\t\t<div class=\"elementor-widget-container\">\n\t\t\t\t\t\t\t\t\t\t\t\t\t\t\t<img fetchpriority=\"high\" decoding=\"async\" width=\"847\" height=\"1024\" src=\"https:\/\/askforthemoon.com.br\/wp-content\/uploads\/2024\/05\/MARCA-COR-01-847x1024.png\" class=\"attachment-large size-large wp-image-2936\" alt=\"marca askforthemoon\" srcset=\"https:\/\/askforthemoon.com.br\/wp-content\/uploads\/2024\/05\/MARCA-COR-01-847x1024.png 847w, https:\/\/askforthemoon.com.br\/wp-content\/uploads\/2024\/05\/MARCA-COR-01-248x300.png 248w, https:\/\/askforthemoon.com.br\/wp-content\/uploads\/2024\/05\/MARCA-COR-01-768x929.png 768w, https:\/\/askforthemoon.com.br\/wp-content\/uploads\/2024\/05\/MARCA-COR-01.png 1042w\" sizes=\"(max-width: 847px) 100vw, 847px\" \/>\t\t\t\t\t\t\t\t\t\t\t\t\t\t\t<\/div>\n\t\t\t\t<\/div>\n\t\t\t\t<div class=\"elementor-element elementor-element-67a2a12 elementor-widget elementor-widget-text-editor\" data-id=\"67a2a12\" data-element_type=\"widget\" data-e-type=\"widget\" data-widget_type=\"text-editor.default\">\n\t\t\t\t<div class=\"elementor-widget-container\">\n\t\t\t\t\t\t\t\t\t<p>Com experi\u00eancia, nossa entrega est\u00e1 nas hist\u00f3rias e ideias que propomos. C<span style=\"letter-spacing: -0.2px;\">riativo e focado, nosso time \u00e9 flex\u00edvel e modular, adaptado \u00e0 sua necessidade<\/span><span style=\"font-style: inherit; font-weight: inherit; letter-spacing: -0.2px;\">: branding,\u00a0design,\u00a0digital e fashion.\u00a0Nossa metodologia \u00e9 simples e obst\u00e1culos s\u00e3o oportunidades, sempre em busca do desafio e do inexplorado. A verdade e\u00a0<\/span><span style=\"font-style: inherit; font-weight: inherit; letter-spacing: -0.2px;\">a transpar\u00eancia nunca estiveram t\u00e3o presentes nas marcas. Falar com seu p\u00fablico requer um trabalho de constru\u00e7\u00e3o di\u00e1ria, entender cada nicho, pessoas e prop\u00f3sitos. Amamos colocar isso em pr\u00e1tica. Quando come\u00e7ar a pensar na sua estrat\u00e9gia, procure a melhor maneira de construir sua reputa\u00e7\u00e3o.\u00a0\u00c9 s\u00f3 chamar.\u00a0<\/span><\/p>\t\t\t\t\t\t\t\t<\/div>\n\t\t\t\t<\/div>\n\t\t\t\t<div class=\"elementor-element elementor-element-fd6a2c2 elementor-shape-rounded elementor-grid-0 e-grid-align-center elementor-widget elementor-widget-social-icons\" data-id=\"fd6a2c2\" data-element_type=\"widget\" data-e-type=\"widget\" data-widget_type=\"social-icons.default\">\n\t\t\t\t<div class=\"elementor-widget-container\">\n\t\t\t\t\t\t\t<div class=\"elementor-social-icons-wrapper elementor-grid\" role=\"list\">\n\t\t\t\t\t\t\t<span class=\"elementor-grid-item\" role=\"listitem\">\n\t\t\t\t\t<a class=\"elementor-icon elementor-social-icon elementor-social-icon-icone home roxo elementor-animation-pulse elementor-repeater-item-233804a\" href=\"http:\/\/askforthemoon.com.br\/\">\n\t\t\t\t\t\t<span class=\"elementor-screen-only\">Icone Home Roxo<\/span>\n\t\t\t\t\t\t<svg xmlns=\"http:\/\/www.w3.org\/2000\/svg\" xmlns:xlink=\"http:\/\/www.w3.org\/1999\/xlink\" id=\"Camada_1\" x=\"0px\" y=\"0px\" viewBox=\"0 0 200 200\" style=\"enable-background:new 0 0 200 200;\" xml:space=\"preserve\"><style type=\"text\/css\">\t.st0{fill:#651C83;}\t.st1{fill:#FFFFFF;}\t.st2{fill:#DA1223;}<\/style><g>\t<path class=\"st0\" d=\"M146.44,104.25c-0.02-1.4-0.86-3.22-1.93-4.11c-13.96-11.7-28.06-23.23-42.04-34.89  c-1.85-1.54-3.07-1.54-4.92,0c-13.99,11.67-28.08,23.2-42.04,34.89c-1.07,0.9-1.92,2.71-1.93,4.11  c-0.15,12.01-0.12,24.02-0.07,36.03c0.02,4.18,1.72,5.84,5.96,5.91h82.56c3.32-0.07,4.52-2.72,4.51-5.91  C146.51,128.27,146.59,116.26,146.44,104.25z M141.89,141.69H59.51c-0.56-0.01-1.02-0.06-1.39-0.15c-0.05-0.21-0.12-0.6-0.12-1.29  c-0.06-13.37-0.08-24.6,0.06-35.92c0.01-0.16,0.24-0.67,0.33-0.76c7.72-6.47,15.53-12.92,23.14-19.22  c6.17-5.1,12.33-10.2,18.48-15.32c6.18,5.15,12.37,10.27,18.57,15.4l0.35,0.29c7.45,6.17,15.16,12.54,22.65,18.81  c0.12,0.11,0.35,0.62,0.36,0.76c0.1,7.89,0.09,15.91,0.09,23.67c0,4.11,0,8.21,0.01,12.32  C142.05,140.82,141.99,141.31,141.89,141.69z\"><\/path>\t<path class=\"st0\" d=\"M105.51,56.78c-4.64-3.93-6.49-3.96-11.02-0.17C80.87,68.02,67.24,79.41,53.6,90.81l-6.42,5.36l2.72,3.44  c7.32-6.17,14.69-12.31,21.87-18.29l7.68-6.41c3.83-3.2,7.68-6.38,11.54-9.58l8.96-7.42l16.62,13.88  c10.98,9.16,22.27,18.58,33.41,27.94l2.75-3.47C138.63,84.57,109.44,60.11,105.51,56.78z\"><\/path><\/g><\/svg>\t\t\t\t\t<\/a>\n\t\t\t\t<\/span>\n\t\t\t\t\t\t\t<span class=\"elementor-grid-item\" role=\"listitem\">\n\t\t\t\t\t<a class=\"elementor-icon elementor-social-icon elementor-social-icon-icone cafe roxo elementor-animation-pulse elementor-repeater-item-5cf5fe9\" href=\"http:\/\/askforthemoon.com.br\/index.php\/work\/\">\n\t\t\t\t\t\t<span class=\"elementor-screen-only\">Icone Cafe Roxo<\/span>\n\t\t\t\t\t\t<svg xmlns=\"http:\/\/www.w3.org\/2000\/svg\" xmlns:xlink=\"http:\/\/www.w3.org\/1999\/xlink\" id=\"Camada_1\" x=\"0px\" y=\"0px\" viewBox=\"0 0 200 200\" style=\"enable-background:new 0 0 200 200;\" xml:space=\"preserve\"><style type=\"text\/css\">\t.st0{fill:#651C83;}\t.st1{fill:#FFFFFF;}\t.st2{fill:#DA1223;}<\/style><g>\t<path class=\"st0\" d=\"M146.08,85.65c-9.81-0.01-19.62-0.01-29.43-0.01l-12.2,0l-35.93,0c-0.93,0-1.86,0-2.79,0  c-1.26,0-2.52,0-3.78,0.01c-0.61,0-1.46,0.13-2.01,0.7c-0.53,0.56-0.62,1.39-0.6,1.98c0.1,2.58,0.19,4.73,0.49,6.91  c1.18,8.69,4.29,16.48,9.25,23.17c4.34,5.86,9.71,10.28,15.94,13.13c1.31,0.6,2.81,1.24,4.1,1.26c5.6,0.12,11.32,0.09,16.85,0.07  l4.7-0.02c0.49,0,0.89-0.05,1.17-0.15c4.34-1.57,8.35-3.92,11.95-6.98c4.96-4.23,8.89-9.45,11.66-15.51  c0.66-1.43,1.7-2.09,3.28-2.04c2.85,0.07,5.61,0.07,8.2,0c3.24-0.09,6.29-1.66,8.36-4.32c2.08-2.67,2.87-6.04,2.15-9.23  C156.22,89.17,151.76,85.65,146.08,85.65z M135.7,92.11c-0.1,0.62-0.19,1.24-0.28,1.85c-0.19,1.32-0.39,2.7-0.68,4.04  c-1.89,8.81-5.83,16.29-11.74,22.25c-3.39,3.42-7.29,6.03-11.59,7.76c-0.7,0.28-1.4,0.34-1.85,0.34l-3.85,0.01  c-2.05,0.01-4.12,0.01-6.21,0.01c-3.12,0-6.26-0.02-9.37-0.07c-1.55-0.03-3.03-0.77-4.22-1.37c-7.47-3.76-13.09-9.63-17.21-17.95  c-2.6-5.27-4.12-10.82-4.65-16.98l-0.15-1.73H136L135.7,92.11z M147.3,103.52c-0.93,0.08-1.86,0.1-2.77,0.1  c-0.72,0-1.43-0.01-2.13-0.03c-0.68-0.01-1.35-0.03-2.02-0.03h-1.84l0.55-3.8c0.36-2.51,0.72-5.01,1.11-7.5  c0.16-1.02,1.27-1.99,2.33-2.03c1.83-0.06,3.23-0.05,4.53,0.05c3.4,0.25,6,3.05,6.06,6.5C153.18,100.35,150.68,103.24,147.3,103.52  z\"><\/path>\t<path class=\"st0\" d=\"M113.86,146.2l11.97,0c0.37,0,0.58,0.01,0.8-0.02c0.73-0.08,1.36-0.48,1.73-1.09c0.36-0.6,0.42-1.32,0.17-1.98  c-0.27-0.71-0.82-1.44-2.83-1.44l-3.97,0c-0.09,0-0.19,0-0.28,0l-46.74,0c-0.61,0-1.09,0-1.53,0.06c-0.59,0.08-1.13,0.42-1.48,0.94  c-0.35,0.52-0.47,1.16-0.33,1.74c0.22,0.88,0.73,1.79,2.8,1.79L113.86,146.2z\"><\/path>\t<path class=\"st0\" d=\"M101.69,73.81c0.59-0.17,1.05-0.48,1.23-0.82c0.1-0.18,0.11-0.36,0.05-0.56c-0.04-0.12-0.16-0.33-0.27-0.52  l-0.14-0.25c-2.74-4.9-2.9-9.66-0.45-14.14c2.26-4.15,2.15-8.42-0.32-13.05c-0.61-1.15-1.14-1.8-2.27-2.11h-1.17  c-0.07,0.03-0.15,0.06-0.22,0.09c-0.93,0.31-1.36,0.71-1.46,0.99c-0.09,0.25,0.07,0.59,0.23,0.83c2.79,4.37,3.02,8.74,0.67,13  c-2.16,3.93-2.32,8.11-0.47,12.81c0.37,0.94,0.9,1.94,1.58,3C99.17,73.83,100.49,74.16,101.69,73.81z\"><\/path>\t<path class=\"st0\" d=\"M85.22,73.24c0.02-0.07,0.07-0.3-0.19-0.64c-2.98-3.84-3.03-7.82-0.16-11.52c0.92-1.19,1.36-2.62,1.4-4.64  c-0.06-2.09-1-4.21-2.69-6.12c-0.43-0.49-1.19-0.76-1.99-0.76c-0.33,0-0.66,0.05-0.98,0.14c-0.7,0.21-1.39,0.69-1.25,1.27  c0.02,0.1,0.12,0.33,0.49,0.8c2.28,2.85,2.03,5.34,1.42,6.92c-0.34,0.9-0.83,1.7-1.31,2.47c-0.25,0.41-0.5,0.82-0.72,1.24  c-1.94,3.7-1.38,7.27,1.77,11.23c0.62,0.78,2.13,0.97,3.35,0.41C84.82,73.86,85.14,73.55,85.22,73.24z\"><\/path>\t<path class=\"st0\" d=\"M117.29,49.15c-0.18,0-0.36,0.01-0.56,0.04c-0.97,0.13-1.64,0.57-1.8,1.17c-0.02,0.08-0.08,0.29,0.5,0.98  c2.34,2.85,2.51,5.96,0.51,9l-0.33,0.49c-0.32,0.47-0.62,0.92-0.84,1.35c-1.78,3.58-1.25,7.03,1.68,10.85  c0.71,0.93,2.14,1.2,3.47,0.64c0.48-0.2,0.81-0.5,0.9-0.82c0.06-0.22-0.01-0.47-0.22-0.74c-2.93-3.82-2.99-7.75-0.16-11.37  c0.99-1.27,1.41-2.78,1.44-5.23c-0.02-1.34-1.03-3.85-2.65-5.57C118.72,49.41,118.08,49.15,117.29,49.15z\"><\/path><\/g><\/svg>\t\t\t\t\t<\/a>\n\t\t\t\t<\/span>\n\t\t\t\t\t\t\t<span class=\"elementor-grid-item\" role=\"listitem\">\n\t\t\t\t\t<a class=\"elementor-icon elementor-social-icon elementor-social-icon-icone vibra roxo elementor-animation-pulse elementor-repeater-item-79a2c8c\" href=\"http:\/\/askforthemoon.com.br\/index.php\/news\/\">\n\t\t\t\t\t\t<span class=\"elementor-screen-only\">Icone Vibra Roxo<\/span>\n\t\t\t\t\t\t<svg xmlns=\"http:\/\/www.w3.org\/2000\/svg\" xmlns:xlink=\"http:\/\/www.w3.org\/1999\/xlink\" id=\"Camada_1\" x=\"0px\" y=\"0px\" viewBox=\"0 0 200 200\" style=\"enable-background:new 0 0 200 200;\" xml:space=\"preserve\"><style type=\"text\/css\">\t.st0{fill:#651C83;}\t.st1{fill:#FFFFFF;}\t.st2{fill:#DA1223;}<\/style><g>\t<path class=\"st0\" d=\"M100,53.8c-25.47,0-46.2,20.72-46.2,46.2c0,25.47,20.72,46.2,46.2,46.2c25.47,0,46.2-20.72,46.2-46.2  C146.2,74.52,125.47,53.8,100,53.8z M100,141.46c-22.86,0-41.46-18.6-41.46-41.46S77.14,58.54,100,58.54  c22.86,0,41.46,18.6,41.46,41.46S122.86,141.46,100,141.46z\"><\/path>\t<path class=\"st0\" d=\"M100,67.21c-18.08,0-32.79,14.71-32.79,32.79c0,18.08,14.71,32.79,32.79,32.79  c18.08,0,32.79-14.71,32.79-32.79C132.79,81.92,118.08,67.21,100,67.21z M100,128.5c-15.71,0-28.5-12.78-28.5-28.5  S84.29,71.5,100,71.5c15.71,0,28.5,12.78,28.5,28.5S115.71,128.5,100,128.5z\"><\/path>\t<path class=\"st0\" d=\"M100,80.17c-10.93,0-19.83,8.9-19.83,19.83c0,10.93,8.9,19.83,19.83,19.83c10.94,0,19.83-8.9,19.83-19.83  C119.83,89.06,110.93,80.17,100,80.17z M100,115.33c-8.45,0-15.32-6.88-15.32-15.33S91.55,84.67,100,84.67  c8.45,0,15.33,6.88,15.33,15.33S108.45,115.33,100,115.33z\"><\/path><\/g><\/svg>\t\t\t\t\t<\/a>\n\t\t\t\t<\/span>\n\t\t\t\t\t<\/div>\n\t\t\t\t\t\t<\/div>\n\t\t\t\t<\/div>\n\t\t\t\t\t<\/div>\n\t\t<\/div>\n\t\t\t\t\t<\/div>\n\t\t<\/section>\n\t\t\t\t<\/div>\n\t\t","protected":false},"excerpt":{"rendered":"<p>Com experi\u00eancia, nossa entrega est\u00e1 nas hist\u00f3rias e ideias que propomos. Criativo e focado, nosso time \u00e9 flex\u00edvel e modular, adaptado \u00e0 sua necessidade: branding,\u00a0design,\u00a0digital e fashion.\u00a0Nossa metodologia \u00e9 simples e obst\u00e1culos s\u00e3o oportunidades, sempre em busca do desafio e do inexplorado. A verdade e\u00a0a transpar\u00eancia nunca estiveram t\u00e3o presentes nas marcas. Falar com seu [&hellip;]<\/p>\n","protected":false},"author":1,"featured_media":0,"parent":0,"menu_order":0,"comment_status":"closed","ping_status":"closed","template":"","meta":{"om_disable_all_campaigns":false,"_monsterinsights_skip_tracking":false,"_monsterinsights_sitenote_active":false,"_monsterinsights_sitenote_note":"","_monsterinsights_sitenote_category":0,"site-sidebar-layout":"no-sidebar","site-content-layout":"page-builder","ast-site-content-layout":"default","site-content-style":"default","site-sidebar-style":"default","ast-global-header-display":"","ast-banner-title-visibility":"","ast-main-header-display":"","ast-hfb-above-header-display":"","ast-hfb-below-header-display":"","ast-hfb-mobile-header-display":"disabled","site-post-title":"disabled","ast-breadcrumbs-content":"","ast-featured-img":"disabled","footer-sml-layout":"disabled","ast-disable-related-posts":"","theme-transparent-header-meta":"default","adv-header-id-meta":"","stick-header-meta":"","header-above-stick-meta":"","header-main-stick-meta":"","header-below-stick-meta":"","astra-migrate-meta-layouts":"default","ast-page-background-enabled":"default","ast-page-background-meta":{"desktop":{"background-color":"var(--ast-global-color-4)","background-image":"","background-repeat":"repeat","background-position":"center center","background-size":"auto","background-attachment":"scroll","background-type":"","background-media":"","overlay-type":"","overlay-color":"","overlay-opacity":"","overlay-gradient":""},"tablet":{"background-color":"","background-image":"","background-repeat":"repeat","background-position":"center center","background-size":"auto","background-attachment":"scroll","background-type":"","background-media":"","overlay-type":"","overlay-color":"","overlay-opacity":"","overlay-gradient":""},"mobile":{"background-color":"","background-image":"","background-repeat":"repeat","background-position":"center center","background-size":"auto","background-attachment":"scroll","background-type":"","background-media":"","overlay-type":"","overlay-color":"","overlay-opacity":"","overlay-gradient":""}},"ast-content-background-meta":{"desktop":{"background-color":"var(--ast-global-color-5)","background-image":"","background-repeat":"repeat","background-position":"center center","background-size":"auto","background-attachment":"scroll","background-type":"","background-media":"","overlay-type":"","overlay-color":"","overlay-opacity":"","overlay-gradient":""},"tablet":{"background-color":"var(--ast-global-color-5)","background-image":"","background-repeat":"repeat","background-position":"center center","background-size":"auto","background-attachment":"scroll","background-type":"","background-media":"","overlay-type":"","overlay-color":"","overlay-opacity":"","overlay-gradient":""},"mobile":{"background-color":"var(--ast-global-color-5)","background-image":"","background-repeat":"repeat","background-position":"center center","background-size":"auto","background-attachment":"scroll","background-type":"","background-media":"","overlay-type":"","overlay-color":"","overlay-opacity":"","overlay-gradient":""}},"footnotes":""},"class_list":["post-1428","page","type-page","status-publish","hentry"],"aioseo_notices":[],"_links":{"self":[{"href":"https:\/\/askforthemoon.com.br\/index.php\/wp-json\/wp\/v2\/pages\/1428","targetHints":{"allow":["GET"]}}],"collection":[{"href":"https:\/\/askforthemoon.com.br\/index.php\/wp-json\/wp\/v2\/pages"}],"about":[{"href":"https:\/\/askforthemoon.com.br\/index.php\/wp-json\/wp\/v2\/types\/page"}],"author":[{"embeddable":true,"href":"https:\/\/askforthemoon.com.br\/index.php\/wp-json\/wp\/v2\/users\/1"}],"replies":[{"embeddable":true,"href":"https:\/\/askforthemoon.com.br\/index.php\/wp-json\/wp\/v2\/comments?post=1428"}],"version-history":[{"count":117,"href":"https:\/\/askforthemoon.com.br\/index.php\/wp-json\/wp\/v2\/pages\/1428\/revisions"}],"predecessor-version":[{"id":2939,"href":"https:\/\/askforthemoon.com.br\/index.php\/wp-json\/wp\/v2\/pages\/1428\/revisions\/2939"}],"wp:attachment":[{"href":"https:\/\/askforthemoon.com.br\/index.php\/wp-json\/wp\/v2\/media?parent=1428"}],"curies":[{"name":"wp","href":"https:\/\/api.w.org\/{rel}","templated":true}]}}